{"id":1343,"date":"2020-07-03T23:58:46","date_gmt":"2020-07-03T23:58:46","guid":{"rendered":"https:\/\/4extranosendc.com\/index.php\/temporada-7-copy\/"},"modified":"2020-07-04T17:50:24","modified_gmt":"2020-07-04T17:50:24","slug":"temporada-8","status":"publish","type":"page","link":"https:\/\/4extranosendc.com\/index.php\/temporada-8\/","title":{"rendered":"Temporada 8"},"content":{"rendered":"","protected":false},"excerpt":{"rendered":"","protected":false},"author":1,"featured_media":0,"parent":0,"menu_order":0,"comment_status":"closed","ping_status":"closed","template":"page-templates\/page_front-page.php","meta":{"footnotes":""},"yoast_head":"<!-- This site is optimized with the Yoast SEO plugin v27.3 - https:\/\/yoast.com\/product\/yoast-seo-wordpress\/ -->\n<title>Temporada 8 &#8212; 4 Extra\u00f1os en D.C<\/title>\n<meta name=\"robots\" content=\"index, follow, max-snippet:-1, max-image-preview:large, max-video-preview:-1\" \/>\n<link rel=\"canonical\" href=\"https:\/\/4extranosendc.com\/index.php\/temporada-8\/\" \/>\n<meta property=\"og:locale\" content=\"es_ES\" \/>\n<meta property=\"og:type\" content=\"article\" \/>\n<meta property=\"og:title\" content=\"Temporada 8 &#8212; 4 Extra\u00f1os en D.C\" \/>\n<meta property=\"og:url\" content=\"https:\/\/4extranosendc.com\/index.php\/temporada-8\/\" \/>\n<meta property=\"og:site_name\" content=\"4 Extra\u00f1os en D.C\" \/>\n<meta property=\"article:publisher\" content=\"https:\/\/www.facebook.com\/4extranos\/\" \/>\n<meta property=\"article:modified_time\" content=\"2020-07-04T17:50:24+00:00\" \/>\n<meta name=\"twitter:card\" content=\"summary_large_image\" \/>\n<meta name=\"twitter:site\" content=\"@4extranos\" \/>\n<script type=\"application\/ld+json\" class=\"yoast-schema-graph\">{\"@context\":\"https:\\\/\\\/schema.org\",\"@graph\":[{\"@type\":\"WebPage\",\"@id\":\"https:\\\/\\\/4extranosendc.com\\\/index.php\\\/temporada-8\\\/\",\"url\":\"https:\\\/\\\/4extranosendc.com\\\/index.php\\\/temporada-8\\\/\",\"name\":\"Temporada 8 &#8212; 4 Extra\u00f1os en D.C\",\"isPartOf\":{\"@id\":\"https:\\\/\\\/4extranosendc.com\\\/#website\"},\"datePublished\":\"2020-07-03T23:58:46+00:00\",\"dateModified\":\"2020-07-04T17:50:24+00:00\",\"breadcrumb\":{\"@id\":\"https:\\\/\\\/4extranosendc.com\\\/index.php\\\/temporada-8\\\/#breadcrumb\"},\"inLanguage\":\"es\",\"potentialAction\":[{\"@type\":\"ReadAction\",\"target\":[\"https:\\\/\\\/4extranosendc.com\\\/index.php\\\/temporada-8\\\/\"]}]},{\"@type\":\"BreadcrumbList\",\"@id\":\"https:\\\/\\\/4extranosendc.com\\\/index.php\\\/temporada-8\\\/#breadcrumb\",\"itemListElement\":[{\"@type\":\"ListItem\",\"position\":1,\"name\":\"Portada\",\"item\":\"https:\\\/\\\/4extranosendc.com\\\/\"},{\"@type\":\"ListItem\",\"position\":2,\"name\":\"Temporada 8\"}]},{\"@type\":\"WebSite\",\"@id\":\"https:\\\/\\\/4extranosendc.com\\\/#website\",\"url\":\"https:\\\/\\\/4extranosendc.com\\\/\",\"name\":\"4 Extra\u00f1os en D.C\",\"description\":\"4 Extra\u00f1os en D.C. es una serie animada que sigue las vidas de 4 amigos en un barrio de Bogot\u00e1. Humor extra\u00f1o\",\"publisher\":{\"@id\":\"https:\\\/\\\/4extranosendc.com\\\/#organization\"},\"potentialAction\":[{\"@type\":\"SearchAction\",\"target\":{\"@type\":\"EntryPoint\",\"urlTemplate\":\"https:\\\/\\\/4extranosendc.com\\\/?s={search_term_string}\"},\"query-input\":{\"@type\":\"PropertyValueSpecification\",\"valueRequired\":true,\"valueName\":\"search_term_string\"}}],\"inLanguage\":\"es\"},{\"@type\":\"Organization\",\"@id\":\"https:\\\/\\\/4extranosendc.com\\\/#organization\",\"name\":\"4 Extra\u00f1os en D.C\",\"url\":\"https:\\\/\\\/4extranosendc.com\\\/\",\"logo\":{\"@type\":\"ImageObject\",\"inLanguage\":\"es\",\"@id\":\"https:\\\/\\\/4extranosendc.com\\\/#\\\/schema\\\/logo\\\/image\\\/\",\"url\":\"https:\\\/\\\/4extranosendc.com\\\/wp-content\\\/uploads\\\/2020\\\/07\\\/logo-4eedc-2020.png\",\"contentUrl\":\"https:\\\/\\\/4extranosendc.com\\\/wp-content\\\/uploads\\\/2020\\\/07\\\/logo-4eedc-2020.png\",\"width\":600,\"height\":250,\"caption\":\"4 Extra\u00f1os en D.C\"},\"image\":{\"@id\":\"https:\\\/\\\/4extranosendc.com\\\/#\\\/schema\\\/logo\\\/image\\\/\"},\"sameAs\":[\"https:\\\/\\\/www.facebook.com\\\/4extranos\\\/\",\"https:\\\/\\\/x.com\\\/4extranos\",\"https:\\\/\\\/www.instagram.com\\\/4extranosendc\\\/\",\"https:\\\/\\\/www.youtube.com\\\/elviejojames\",\"https:\\\/\\\/es.wikipedia.org\\\/wiki\\\/4_extra\u00f1os_en_D.C.\"]}]}<\/script>\n<!-- \/ Yoast SEO plugin. -->","yoast_head_json":{"title":"Temporada 8 &#8212; 4 Extra\u00f1os en D.C","robots":{"index":"index","follow":"follow","max-snippet":"max-snippet:-1","max-image-preview":"max-image-preview:large","max-video-preview":"max-video-preview:-1"},"canonical":"https:\/\/4extranosendc.com\/index.php\/temporada-8\/","og_locale":"es_ES","og_type":"article","og_title":"Temporada 8 &#8212; 4 Extra\u00f1os en D.C","og_url":"https:\/\/4extranosendc.com\/index.php\/temporada-8\/","og_site_name":"4 Extra\u00f1os en D.C","article_publisher":"https:\/\/www.facebook.com\/4extranos\/","article_modified_time":"2020-07-04T17:50:24+00:00","twitter_card":"summary_large_image","twitter_site":"@4extranos","schema":{"@context":"https:\/\/schema.org","@graph":[{"@type":"WebPage","@id":"https:\/\/4extranosendc.com\/index.php\/temporada-8\/","url":"https:\/\/4extranosendc.com\/index.php\/temporada-8\/","name":"Temporada 8 &#8212; 4 Extra\u00f1os en D.C","isPartOf":{"@id":"https:\/\/4extranosendc.com\/#website"},"datePublished":"2020-07-03T23:58:46+00:00","dateModified":"2020-07-04T17:50:24+00:00","breadcrumb":{"@id":"https:\/\/4extranosendc.com\/index.php\/temporada-8\/#breadcrumb"},"inLanguage":"es","potentialAction":[{"@type":"ReadAction","target":["https:\/\/4extranosendc.com\/index.php\/temporada-8\/"]}]},{"@type":"BreadcrumbList","@id":"https:\/\/4extranosendc.com\/index.php\/temporada-8\/#breadcrumb","itemListElement":[{"@type":"ListItem","position":1,"name":"Portada","item":"https:\/\/4extranosendc.com\/"},{"@type":"ListItem","position":2,"name":"Temporada 8"}]},{"@type":"WebSite","@id":"https:\/\/4extranosendc.com\/#website","url":"https:\/\/4extranosendc.com\/","name":"4 Extra\u00f1os en D.C","description":"4 Extra\u00f1os en D.C. es una serie animada que sigue las vidas de 4 amigos en un barrio de Bogot\u00e1. Humor extra\u00f1o","publisher":{"@id":"https:\/\/4extranosendc.com\/#organization"},"potentialAction":[{"@type":"SearchAction","target":{"@type":"EntryPoint","urlTemplate":"https:\/\/4extranosendc.com\/?s={search_term_string}"},"query-input":{"@type":"PropertyValueSpecification","valueRequired":true,"valueName":"search_term_string"}}],"inLanguage":"es"},{"@type":"Organization","@id":"https:\/\/4extranosendc.com\/#organization","name":"4 Extra\u00f1os en D.C","url":"https:\/\/4extranosendc.com\/","logo":{"@type":"ImageObject","inLanguage":"es","@id":"https:\/\/4extranosendc.com\/#\/schema\/logo\/image\/","url":"https:\/\/4extranosendc.com\/wp-content\/uploads\/2020\/07\/logo-4eedc-2020.png","contentUrl":"https:\/\/4extranosendc.com\/wp-content\/uploads\/2020\/07\/logo-4eedc-2020.png","width":600,"height":250,"caption":"4 Extra\u00f1os en D.C"},"image":{"@id":"https:\/\/4extranosendc.com\/#\/schema\/logo\/image\/"},"sameAs":["https:\/\/www.facebook.com\/4extranos\/","https:\/\/x.com\/4extranos","https:\/\/www.instagram.com\/4extranosendc\/","https:\/\/www.youtube.com\/elviejojames","https:\/\/es.wikipedia.org\/wiki\/4_extra\u00f1os_en_D.C."]}]}},"_links":{"self":[{"href":"https:\/\/4extranosendc.com\/index.php\/wp-json\/wp\/v2\/pages\/1343"}],"collection":[{"href":"https:\/\/4extranosendc.com\/index.php\/wp-json\/wp\/v2\/pages"}],"about":[{"href":"https:\/\/4extranosendc.com\/index.php\/wp-json\/wp\/v2\/types\/page"}],"author":[{"embeddable":true,"href":"https:\/\/4extranosendc.com\/index.php\/wp-json\/wp\/v2\/users\/1"}],"replies":[{"embeddable":true,"href":"https:\/\/4extranosendc.com\/index.php\/wp-json\/wp\/v2\/comments?post=1343"}],"version-history":[{"count":0,"href":"https:\/\/4extranosendc.com\/index.php\/wp-json\/wp\/v2\/pages\/1343\/revisions"}],"wp:attachment":[{"href":"https:\/\/4extranosendc.com\/index.php\/wp-json\/wp\/v2\/media?parent=1343"}],"curies":[{"name":"wp","href":"https:\/\/api.w.org\/{rel}","templated":true}]}}